test common factor of 97352 and 312094.
86
Calculate the highest common divisor of 37653 and 12800879.
1141
Calculate the greatest common divisor of 33570 and 28390149.
3357
What is the greatest common factor of 30410 and 358838?
6082
What is the greatest common divisor of 14175 and 597303?
63
What is the highest common divisor of 540 and 625740?
60
Calculate the highest common divisor of 7900 and 492460.
20
What is the greatest common divisor of 16 and 984622?
2
Calculate the greatest common divisor of 111576384 and 1728.
576
Calculate the highest common divisor of 280 and 85847335.
35
What is the greatest common factor of 138 and 37070871?
69
Calculate the greatest common divisor of 338544 and 306.
18
Calculate the highest common divisor of 98 and 6056890.
98
What is the greatest common divisor of 172857842 and 2?
2
Calculate the highest common divisor of 928190786 and 34.
34
Calculate the highest common divisor of 2563 and 4966162.
233
What is the highest common factor of 456 and 2355487?
19
Calculate the highest common factor of 8187728 and 12.
4
Calculate the greatest common divisor of 12424 and 8600.
8
What is the highest common divisor of 18480 and 201076260?
4620
What is the highest common divisor of 1183 and 2907456734?
1183
What is the highest common divisor of 523129488 and 2940?
588
Calculate the highest common divisor of 230265 and 8729.
301
What is the greatest common factor of 120971474 and 52?
26
Calculate the highest common factor of 10724652 and 60.
12
What is the greatest common factor of 3426075 and 5?
5
What is the greatest common divisor of 792744 and 1373991?
1479
What is the greatest common factor of 534642888 and 3432?
312
Calculate the highest common factor of 141194547 and 36.
9
What is the highest common factor of 38794 and 36414?
238
Calculate the highest common factor of 44211500 and 500.
500
Calculate the highest common factor of 1160 and 107546036.
116
Calculate the greatest common divisor of 3 and 227533.
1
What is the highest common divisor of 17316 and 75505456?
1924
Calculate the greatest common factor of 160 and 2889380.
20
What is the highest common divisor of 198539661 and 177?
177
What is the greatest common factor of 119490548 and 3882?
1294
What is the highest common factor of 64996981 and 45668?
11417
What is the greatest common divisor of 132475484 and 5196?
1732
What is the highest common factor of 39 and 522723?
3
What is the greatest common divisor of 528744 and 1944?
24
What is the highest common factor of 974924856 and 14496?
3624
What is the greatest common factor of 141 and 237534005?
47
What is the greatest common factor of 1539 and 8389906?
19
What is the greatest common divisor of 60 and 10347870?
30
What is the greatest common divisor of 4720 and 5898348?
236
Calculate the highest common divisor of 1037979 and 333.
9
Calculate the highest common factor of 18959837 and 793.
793
What is the greatest common divisor of 809440541 and 47996?
11999
What is the highest common divisor of 2023436 and 30125?
241
Calculate the greatest common divisor of 5445 and 8866440.
495
Calculate the greatest common divisor of 156 and 330314816.
52
What is the greatest common divisor of 314776 and 162778?
1078
What is the greatest common factor of 3519 and 231081?
1173
Calculate the highest common factor of 97967828 and 21.
7
Calculate the greatest common divisor of 78515 and 1078145.
1915
Calculate the greatest common factor of 156 and 102272712.
12
Calculate the highest common divisor of 8930 and 2710.
10
Calculate the highest common factor of 324 and 69959484.
108
Calculate the greatest common factor of 4 and 105563.
1
Calculate the greatest common divisor of 791753 and 33527.
2579
Calculate the greatest common factor of 23675729 and 115577.
1463
What is the greatest common factor of 190656 and 136692?
36
Calculate the greatest common divisor of 94 and 371303666.
94
Calculate the greatest common divisor of 629 and 1025463103.
629
What is the highest common divisor of 1290 and 8759190?
30
What is the highest common factor of 14574324 and 564?
564
What is the highest common factor of 392 and 12967822?
14
Calculate the highest common factor of 388862004 and 1068.
1068
What is the highest common divisor of 4559980 and 66805?
2155
Calculate the greatest common factor of 1189552 and 5172986.
7826
What is the highest common divisor of 95880414 and 672?
42
What is the highest common factor of 15 and 16966140?
15
Calculate the greatest common divisor of 88682068 and 9652.
508
Calculate the highest common factor of 506000 and 2312420.
5060
What is the highest common factor of 1257 and 23349?
3
Calculate the highest common factor of 579351 and 575622.
339
What is the greatest common divisor of 1772 and 5055519544?
1772
What is the highest common divisor of 7268887 and 8012?
2003
Calculate the greatest common factor of 42841734 and 510.
102
Calculate the greatest common divisor of 3982644 and 27396.
36
Calculate the greatest common factor of 133323 and 12.
3
Calculate the greatest common divisor of 126 and 96483774.
6
Calculate the greatest common divisor of 272743 and 420403.
107
Calculate the highest common factor of 9504079 and 481.
481
What is the highest common factor of 68032 and 27664?
16
Calculate the highest common factor of 13384679 and 275.
11
What is the highest common factor of 6629 and 211926289?
947
Calculate the greatest common divisor of 759 and 30450827.
253
Calculate the highest common divisor of 942893 and 7861.
7
Calculate the greatest common divisor of 2920692 and 12.
12
Calculate the greatest common divisor of 117681 and 3.
3
What is the greatest common divisor of 4781 and 120353479?
683
Calculate the highest common factor of 1285406 and 190082.
1882
What is the highest common divisor of 808031 and 2492?
623
Calculate the highest common factor of 4262 and 603087917.
2131
Calculate the highest common divisor of 8943128 and 620.
124
Calculate the highest common factor of 6815010 and 30.
30
What is the highest common divisor of 18035689 and 14?
7
What is the highest common divisor of 83139456 and 496?
16
Calculate the highest common divisor of 19880 and 827960.
280
Calculate the greatest common divisor of 28354482 and 1404.
702
What is the highest common factor of 32 and 10112496?
16
Calculate the greatest common factor of 367447862 and 13064.
3266
What is the greatest common divisor of 8023 and 3704027?
113
What is the greatest common divisor of 6922431 and 63?
9
Calculate the greatest common divisor of 3742128 and 108.
36
What is the greatest common factor of 23785596 and 83807?
1949
Calculate the greatest common divisor of 2 and 6199544.
2
What is the highest common factor of 64814 and 1794?
46
What is the highest common divisor of 12018243 and 9693?
1077
What is the greatest common factor of 303854309 and 11?
11
Calculate the greatest common divisor of 68470770 and 920.
230
Calculate the greatest common divisor of 165378 and 1501222.
1282
Calculate the highest common factor of 218075 and 58175.
325
Calculate the greatest common factor of 380408914 and 5106.
1702
What is the highest common factor of 110 and 1956796490?
110
What is the highest common factor of 33336 and 926232?
24
What is the greatest common divisor of 58 and 264158738?
58
What is the greatest common divisor of 13301 and 87138?
47
Calculate the greatest common factor of 20358 and 3909438.
702
What is the highest common factor of 98339 and 2001?
29
Calculate the highest common divisor of 873 and 17233311.
291
Calculate the highest common divisor of 15485578 and 46.
46
Calculate the highest common factor of 434010 and 16422.
2346
Calculate the greatest common factor of 7259835 and 27830.
1265
Calculate the highest common divisor of 1138877 and 2237693.
5723
Calculate the greatest common divisor of 37145 and 22599455.
2185
What is the highest common divisor of 275 and 8095475?
25
Calculate the highest common divisor of 6226 and 38771.
283
Calculate the highest common divisor of 10864362 and 4328.
1082
What is the greatest common divisor of 452644557 and 87?
87
Calculate the greatest common divisor of 2350 and 16130.
10
What is the highest common divisor of 600683 and 108149?
1303
Calculate the greatest common divisor of 6133690 and